 f?
9
Suppose 4*b - 9 = 3*y - 32, 3*b = -5*y - 10. Let d be (-270)/(-72) + 6/(-8). Suppose 0 = d*n + y - 28. Calculate the remainder when 51 is divided by n.
6
Let p = 304 + -154. What is the remainder when p is divided by 54?
42
Let k(y) = -9*y - 58. Let i be k(-12). Suppose z = -4 + i. Calculate the remainder when 183 is divided by z.
45
Calculate the remainder when -230*((14/(-4))/(-7))/(-1) is divided by 25.
15
Let g(h) = -2*h**2 - 14*h + 2. Let l be g(-6). Suppose 10 = 3*m - l. Calculate the remainder when 11 is divided by m.
3
Let v = 237 - 168. Suppose -10*u = -15*u + 15. Suppose -3*n + 1 = 10, 5*y = -u*n + 166. What is the remainder when v is divided by y?
34
Let s be ((-8)/(-20))/((-1)/(-5)). Let j be 4/(-20) + (-28)/10. What is the remainder when 58 is divided by (j/s)/((-3)/40)?
18
What is the remainder when 374/33*(-15)/(-2) is divided by 29?
27
Let o(z) = 36*z - 7. Calculate the remainder when o(1) is divided by 17.
12
Let r(i) = -9*i**2 + 2*i - 1. Let n be r(2). Let l = 54 + n. What is the remainder when l is divided by (-69)/(-6) + 1/2?
9
Let v = 8 + -6. Suppose 4*w + 2*r = 2*w + v, 5*w - 2*r = 33. Let g(c) = c**3 - 4*c**2 + 3*c + 4. Calculate the remainder when g(w) is divided by 15.
14
Suppose 5*u - 75 = -0*u. Suppose 3*d - 7 = -2*b, 3*d + 2 = b - u. Let r(l) = 2*l**2 - 7. Calculate the remainder when r(b) is divided by 31.
28
Suppose 110 = -2*m - 146. Suppose -2*v = 2*v + 264. Let u = v - m. What is the remainder when u is divided by 16?
14
Suppose 2 = -c - 3. Let r(a) = -a - 8. Let d be r(c). Calculate the remainder when ((-43)/d)/(16/48) is divided by 11.
10
Let y = -5 - -5. Suppose y = -x + 6*x. Suppose x*q + 5*q = 100. Calculate the remainder when q is divided by 7.
6
Suppose 0 = 357*b - 365*b + 128. Calculate the remainder when 255 is divided by b.
15
Suppose 0*s - 33 = -4*s + 5*q, 3*q = -3. What is the remainder when 51 is divided by ((-119)/s + -5)/(-1*2)?
7
Let s(u) = -21*u - 21. What is the remainder when 266 is divided by s(-6)?
56
Suppose 0 = -2*a - 5*i - 59 - 4357, 0 = -2*a - 3*i - 4416. What is the remainder when (-4)/(-14) - a/14 is divided by 20?
18
Let w = 355 + -342. Calculate the remainder when 114 is divided by w.
10
Suppose 3*x + 0*w = 3*w + 126, -5*x = 5*w - 170. Let q(c) = c**2 + 11*c - 16. Let o be q(-11). Let s = o - -29. What is the remainder when x is divided by s?
12
Suppose -1 + 7 = 3*i. Suppose i*n - 65 = -3*n. Let c(p) = -23*p**3 - p - 1. Calculate the remainder when c(-1) is divided by n.
10
Let h = 18 - -2. Calculate the remainder when (-1980)/(-26) + (-22)/143 - -3 is divided by h.
19
Let u(n) = -n**3 - 5*n**2 - 10. Suppose 5*z - 6 + 41 = 0. Let l be u(z). Suppose -3*c + l = c. Calculate the remainder when c is divided by 6.
4
Let k(h) = 8*h**2 + 4*h + 2. Let c be k(-3). Let g = c - 32. Suppose 0 = -12*p + 253 - 157. Calculate the remainder when g is divided by p.
6
Let y(c) = c**3 + 13*c**2 - 17*c + 14. Let k(d) = -2*d + 2. Let f be k(8). Let o be y(f). Suppose -6 = 2*u - o. What is the remainder when 47 is divided by u?
22
Suppose -3*z + 5*d = -26, -4*z - 4*d = -2*d. Let v(m) = 2*m + m**2 - m**3 - 2*m - 2 + m + z*m**2. Calculate the remainder when v(-2) is divided by 6.
4
Let t = 17 - 3. What is the remainder when 932/14 - 45/(-105) is divided by t?
11
Let u = 16 - 12. Suppose -4*q = -4*a - 0*a - 8, -2*q - 4*a = -u. Suppose 2*o - 48 = -q*c, c + 58 = 3*c + 4*o. What is the remainder when c is divided by 5?
4
Let y(b) = 8*b - 67. Let r be y(7). What is the remainder when ((-1)/(-3))/(r/12 + 1) is divided by 2?
0
Let j(s) = s**3 + 5*s**2 - s - 26. Let o(i) = 6*i**3 + 26*i**2 - 6*i - 131. Let a(r) = -11*j(r) + 2*o(r). What is the remainder when 142 is divided by a(4)?
34
What is the remainder when 6*(1 + -5 - -12) is divided by 7?
6
Let i(l) = 3*l**2 + 15*l + 3. Suppose -d - v = 4*v - 16, -2*d + 32 = v. What is the remainder when i(-7) is divided by d?
13
Let t = -41 + 114. What is the remainder when t is divided by 25?
23
Let r = -1240 - -1258. Calculate the remainder when 33 is divided by r.
15
Suppose 5*j = -2*q + 7*q, -j = 4*q. Suppose -5*f = -a + 71, j = 5*a - f - 2*f - 267. What is the remainder when 64 is divided by (-1 + 4)/9*a?
13
Let a = 2 + 109. What is the remainder when 219 is divided by a?
108
Calculate the remainder when 68 is divided by (9/(-15))/((-5)/150).
14
Let d be ((-10)/45)/((-1)/9). Suppose d*s + h = 37 + 4, -5*s = -5*h - 125. What is the remainder when 260/3 - 6/9 is divided by s?
20
Calculate the remainder when 159 + ((-4)/18 - 175/63) is divided by 137.
19
Suppose -9968 = -45*k + 17*k. What is the remainder when k is divided by 60?
56
Suppose 5*k - 53 = 57. Suppose -3*o = -6*o - 2*f + 14, 5*o = -4*f + k. Let h = o - -4. What is the remainder when 19 is divided by h?
9
Let w = -19 + 60. Suppose 4*t + 19 = -m, 3*m + 13 + 4 = -2*t. What is the remainder when w is divided by 1*(-3 - m) - -22?
19
Let x be 1 + (169 - (-1)/1) + 0. Suppose -4*q + 3*i + 201 = 2, x = 3*q + 5*i. Calculate the remainder when q is divided by 17.
1
Suppose 0 = 5*d + 4*c - 37, 4*d - 4*c - 44 = -0*c. Suppose d = x - 28. Suppose 4*z - 23 - 29 = 0. Calculate the remainder when x is divided by z.
11
Let d(t) = 5*t**2 - 2*t - 1. Let c = 113 + -110. Calculate the remainder when d(c) is divided by 12.
2
Let w(l) = -l. Let r be w(-2). Let a(v) = -2*v**r + 18 - 12 - 9 - v**3 + 5*v. Calculate the remainder when 33 is divided by a(-4).
6
Suppose -3*z + 4*r + 133 = -306, 5*r = -3*z + 430. Suppose -z - 163 = -11*a. Calculate the remainder when 110 is divided by a.
26
Let i(k) = -k**3 + 24*k**2 - 21*k - 7. Let q be i(23). Let s = q + -25. What is the remainder when s is divided by 7?
0
Let s = -465 - -475. Suppose -10 = -d + 9. What is the remainder when d is divided by s?
9
Let j(v) = -8 - 2 - v**3 + 7*v**2 + 8*v - 4*v. Suppose -3*u + 23 = 5*p, 20*p - 19*p + 1 = -2*u. Calculate the remainder when 33 is divided by j(p).
15
Let k(d) = -d**3 - 6*d**2 - 10*d. Let h be k(-3). Suppose h*u + 295 = 5*a, 460 = 5*a + 2*u + 190. Calculate the remainder when a is divided by 16.
8
Suppose -2*i = f - 35 + 2, 0 = 3*i - 3. Calculate the remainder when 60 is divided by f.
29
Suppose -73 = -3*l - 8*d + 7*d, 3*d + 31 = l. Calculate the remainder when 1924 is divided by l.
24
Suppose 0 = -19*b + 59*b - 1080. Let z be (-1)/((1/(-3))/1). Suppose -z*n - 36 = -3*u + 3, u - 17 = -3*n. What is the remainder when b is divided by u?
13
Let a(j) = j**2 + 17*j - 79. What is the remainder when a(-42) is divided by 12?
11
Suppose 0 = 2*k + 10, 2*c - 3*k + 4*k = 45. Suppose 27*u + 13*u = 9*u + 310. Calculate the remainder when c is divided by u.
5
Suppose 0*l = 8*l - 1536. Suppose 2*j = 3*k - 107, 5*j + 59 = 4*k - 72. What is the remainder when l is divided by k?
36
Let h be 7/(-21) - (-87)/(-9). Let x = 29 + h. Calculate the remainder when 2139/39 + 8/52 is divided by x.
17
Let n = -22 + 15. Let u be 3/(3/(-2)) - n. Suppose 0 = -2*x + 6, -3*x - 107 = -u*y + y. Calculate the remainder when 113 is divided by y.
26
Let u(b) = -b - 5. Let r be u(-10). Suppose -r*j - 8 = 52. Let d = -8 - j. What is the remainder when 9 is divided by d?
1
Let p = 4 - 10. Let x = 6 - p. Let q = 19 + -12. What is the remainder when x is divided by q?
5
Let o be 14016/40 - 2/5. Suppose -15*p + o = -5*p. What is the remainder when p is divided by 18?
17
Suppose 0 = 5*i + n - 63, 57 = i + 3*i + 3*n. What is the remainder when 40 is divided by i?
4
Let x(u) = -21*u - 92. Calculate the remainder when x(-15) is divided by 32.
31
Suppose 0 = -2*q + 5 + 3, 5*b + 4*q - 36 = 0. Suppose b*c = 5*o - 450, 4*o - 5*c + 2*c = 361. What is the remainder when o is divided by 14?
10
Let n(r) = -r**3 - 15*r**2 - 16*r + 6. What is the remainder when (18/(-8))/(0 + 21/(-616)) is divided by n(-14)?
32
Let i(h) = h**2 + 17*h + 43. Suppose -5*l = -4*t - 42, -l + t = -12 + 3. Calculate the remainder when l is divided by i(-14).
0
Suppose 4*n - 31 = 9. Let d = -140 + 143. Calculate the remainder when n is divided by d.
1
Suppose k + 2 = b - 6*b, 2*b + 4*k = -8. Suppose -r = 5*w - 20, b = 4*r - 2*r - 3*w - 1. Calculate the remainder when (-9)/(-15) - (-212)/r is divided by 11.
10
Calculate the remainder when 484 is divided by ((-12)/10)/((-12)/270).
25
Let p(d) = 11*d**2. Let q be p(1). Let 